{"id":442,"date":"2024-04-16T09:53:45","date_gmt":"2024-04-16T09:53:45","guid":{"rendered":"https:\/\/staging.euroflora.genova.it\/new\/espositore\/piccoli-piensieri\/"},"modified":"2024-04-29T11:13:28","modified_gmt":"2024-04-29T09:13:28","slug":"piccoli-piensieri","status":"publish","type":"espositore","link":"http:\/\/www.euroflora.genova.it\/en\/espositore\/piccoli-piensieri\/","title":{"rendered":"PICCOLI PIENSIERI"},"content":{"rendered":"<p class=\"p1\"><span class=\"s1\">VIA BUSALLETTA, 28 <span class=\"Apple-converted-space\">\u00a0 \u00a0 \u00a0 \u00a0 \u00a0 \u00a0 \u00a0 \u00a0 \u00a0 \u00a0 \u00a0 <\/span><\/span><\/p>\n<p class=\"p1\"><span class=\"s1\">16010 S. OLCESE GE <\/span><\/p>\n<p class=\"p1\"><span class=\"s1\"><a href=\"tel:3474338523\">3474338523<\/a><span class=\"Apple-converted-space\">\u00a0 \u00a0 \u00a0<\/span><\/span><\/p>\n<p class=\"p1\"><span class=\"s1\"><a href=\"mailto:piccolipensierieventi@gmail.com\">piccolipensierieventi@gmail.com<\/a><span class=\"Apple-converted-space\">\u00a0 \u00a0 \u00a0 \u00a0 \u00a0 \u00a0 \u00a0 \u00a0 \u00a0 \u00a0 \u00a0 \u00a0 \u00a0 \u00a0 \u00a0 \u00a0 \u00a0 \u00a0 \u00a0 \u00a0 <\/span><\/span><\/p>\n<p class=\"p1\"><a href=\"http:\/\/www.piccolipensierieventi.com\"><span class=\"s1\">www.piccolipensierieventi.com<\/span><\/a><\/p>\n<p class=\"p1\"><span class=\"s1\">Parco Gropallo &#8211; Area Wolfsoniana<\/span><\/p>\n<p><!--more--><\/p>\n<p class=\"p1\"><span class=\"s1\">In un museo, solitamente un quadro \u00e8 l&#8217;elemento fondamentale di rappresentazione, da questo \u00e8 nata l&#8217;idea di realizzare una composizione floreale<span class=\"Apple-converted-space\">\u00a0 <\/span>a parete.<span class=\"Apple-converted-space\">\u00a0 <\/span>Tale<span class=\"Apple-converted-space\">\u00a0 <\/span>quadro \u00e8 formato da vari elementi perfetti che non hanno n\u00e9 un inizio n\u00e9 una fine, rappresentano il tempo come una successione continua di istanti identici, il<span class=\"Apple-converted-space\">\u00a0 <\/span>tempo ciclico, universale ed infinito. Una linea di orizzonte divide e a met\u00e0 il quadro<span class=\"Apple-converted-space\">\u00a0 <\/span>riflettendo<span class=\"Apple-converted-space\">\u00a0 <\/span>come uno specchio che indica verit\u00e0, eternit\u00e0 e realt\u00e0<\/span><\/p>\n","protected":false},"featured_media":275,"template":"","anno":[34],"categorie_prodottoattivita":[],"class_list":["post-442","espositore","type-espositore","status-publish","has-post-thumbnail","hentry","anno-34"],"acf":[],"yoast_head":"<!-- This site is optimized with the Yoast SEO plugin v27.0 - https:\/\/yoast.com\/product\/yoast-seo-wordpress\/ -->\n<title>PICCOLI PIENSIERI | EuroFlora<\/title>\n<meta name=\"robots\" content=\"index, follow, max-snippet:-1, max-image-preview:large, max-video-preview:-1\" \/>\n<link rel=\"canonical\" href=\"http:\/\/www.euroflora.genova.it\/en\/espositore\/piccoli-piensieri\/\" \/>\n<meta property=\"og:locale\" content=\"en_US\" \/>\n<meta property=\"og:type\" content=\"article\" \/>\n<meta property=\"og:title\" content=\"PICCOLI PIENSIERI | EuroFlora\" \/>\n<meta property=\"og:description\" content=\"VIA BUSALLETTA, 28 \u00a0 \u00a0 \u00a0 \u00a0 \u00a0 \u00a0 \u00a0 \u00a0 \u00a0 \u00a0 \u00a0 16010 S. OLCESE GE 3474338523\u00a0 \u00a0 \u00a0 piccolipensierieventi@gmail.com\u00a0 \u00a0 \u00a0 \u00a0 \u00a0 \u00a0 \u00a0 \u00a0 \u00a0 \u00a0 \u00a0 \u00a0 \u00a0 \u00a0 \u00a0 \u00a0 \u00a0 \u00a0 \u00a0 \u00a0 www.piccolipensierieventi.com Parco Gropallo &#8211; Area Wolfsoniana\" \/>\n<meta property=\"og:url\" content=\"http:\/\/www.euroflora.genova.it\/en\/espositore\/piccoli-piensieri\/\" \/>\n<meta property=\"og:site_name\" content=\"EuroFlora\" \/>\n<meta property=\"article:modified_time\" content=\"2024-04-29T09:13:28+00:00\" \/>\n<meta property=\"og:image\" content=\"https:\/\/www.euroflora.genova.it\/wp-content\/uploads\/2024\/04\/fiori_Tavola-disegno-1-copia-2.png\" \/>\n\t<meta property=\"og:image:width\" content=\"418\" \/>\n\t<meta property=\"og:image:height\" content=\"417\" \/>\n\t<meta property=\"og:image:type\" content=\"image\/png\" \/>\n<meta name=\"twitter:card\" content=\"summary_large_image\" \/>\n<script type=\"application\/ld+json\" class=\"yoast-schema-graph\">{\"@context\":\"https:\/\/schema.org\",\"@graph\":[{\"@type\":\"WebPage\",\"@id\":\"http:\/\/www.euroflora.genova.it\/en\/espositore\/piccoli-piensieri\/\",\"url\":\"http:\/\/www.euroflora.genova.it\/en\/espositore\/piccoli-piensieri\/\",\"name\":\"PICCOLI PIENSIERI | EuroFlora\",\"isPartOf\":{\"@id\":\"http:\/\/www.euroflora.genova.it\/en\/#website\"},\"primaryImageOfPage\":{\"@id\":\"http:\/\/www.euroflora.genova.it\/en\/espositore\/piccoli-piensieri\/#primaryimage\"},\"image\":{\"@id\":\"http:\/\/www.euroflora.genova.it\/en\/espositore\/piccoli-piensieri\/#primaryimage\"},\"thumbnailUrl\":\"http:\/\/www.euroflora.genova.it\/wp-content\/uploads\/2024\/04\/fiori_Tavola-disegno-1-copia-2.png\",\"datePublished\":\"2024-04-16T09:53:45+00:00\",\"dateModified\":\"2024-04-29T09:13:28+00:00\",\"breadcrumb\":{\"@id\":\"http:\/\/www.euroflora.genova.it\/en\/espositore\/piccoli-piensieri\/#breadcrumb\"},\"inLanguage\":\"en-US\",\"potentialAction\":[{\"@type\":\"ReadAction\",\"target\":[\"http:\/\/www.euroflora.genova.it\/en\/espositore\/piccoli-piensieri\/\"]}]},{\"@type\":\"ImageObject\",\"inLanguage\":\"en-US\",\"@id\":\"http:\/\/www.euroflora.genova.it\/en\/espositore\/piccoli-piensieri\/#primaryimage\",\"url\":\"http:\/\/www.euroflora.genova.it\/wp-content\/uploads\/2024\/04\/fiori_Tavola-disegno-1-copia-2.png\",\"contentUrl\":\"http:\/\/www.euroflora.genova.it\/wp-content\/uploads\/2024\/04\/fiori_Tavola-disegno-1-copia-2.png\",\"width\":418,\"height\":417},{\"@type\":\"BreadcrumbList\",\"@id\":\"http:\/\/www.euroflora.genova.it\/en\/espositore\/piccoli-piensieri\/#breadcrumb\",\"itemListElement\":[{\"@type\":\"ListItem\",\"position\":1,\"name\":\"Home\",\"item\":\"https:\/\/www.euroflora.genova.it\/en\/\"},{\"@type\":\"ListItem\",\"position\":2,\"name\":\"PICCOLI PIENSIERI\"}]},{\"@type\":\"WebSite\",\"@id\":\"http:\/\/www.euroflora.genova.it\/en\/#website\",\"url\":\"http:\/\/www.euroflora.genova.it\/en\/\",\"name\":\"Euroflora\",\"description\":\"\",\"publisher\":{\"@id\":\"http:\/\/www.euroflora.genova.it\/en\/#organization\"},\"potentialAction\":[{\"@type\":\"SearchAction\",\"target\":{\"@type\":\"EntryPoint\",\"urlTemplate\":\"http:\/\/www.euroflora.genova.it\/en\/?s={search_term_string}\"},\"query-input\":{\"@type\":\"PropertyValueSpecification\",\"valueRequired\":true,\"valueName\":\"search_term_string\"}}],\"inLanguage\":\"en-US\"},{\"@type\":\"Organization\",\"@id\":\"http:\/\/www.euroflora.genova.it\/en\/#organization\",\"name\":\"Euroflora\",\"url\":\"http:\/\/www.euroflora.genova.it\/en\/\",\"logo\":{\"@type\":\"ImageObject\",\"inLanguage\":\"en-US\",\"@id\":\"http:\/\/www.euroflora.genova.it\/en\/#\/schema\/logo\/image\/\",\"url\":\"http:\/\/www.euroflora.genova.it\/wp-content\/uploads\/2024\/04\/apple-touch-icon.png\",\"contentUrl\":\"http:\/\/www.euroflora.genova.it\/wp-content\/uploads\/2024\/04\/apple-touch-icon.png\",\"width\":180,\"height\":180,\"caption\":\"Euroflora\"},\"image\":{\"@id\":\"http:\/\/www.euroflora.genova.it\/en\/#\/schema\/logo\/image\/\"}}]}<\/script>\n<!-- \/ Yoast SEO plugin. -->","yoast_head_json":{"title":"PICCOLI PIENSIERI | EuroFlora","robots":{"index":"index","follow":"follow","max-snippet":"max-snippet:-1","max-image-preview":"max-image-preview:large","max-video-preview":"max-video-preview:-1"},"canonical":"http:\/\/www.euroflora.genova.it\/en\/espositore\/piccoli-piensieri\/","og_locale":"en_US","og_type":"article","og_title":"PICCOLI PIENSIERI | EuroFlora","og_description":"VIA BUSALLETTA, 28 \u00a0 \u00a0 \u00a0 \u00a0 \u00a0 \u00a0 \u00a0 \u00a0 \u00a0 \u00a0 \u00a0 16010 S. OLCESE GE 3474338523\u00a0 \u00a0 \u00a0 piccolipensierieventi@gmail.com\u00a0 \u00a0 \u00a0 \u00a0 \u00a0 \u00a0 \u00a0 \u00a0 \u00a0 \u00a0 \u00a0 \u00a0 \u00a0 \u00a0 \u00a0 \u00a0 \u00a0 \u00a0 \u00a0 \u00a0 www.piccolipensierieventi.com Parco Gropallo &#8211; Area Wolfsoniana","og_url":"http:\/\/www.euroflora.genova.it\/en\/espositore\/piccoli-piensieri\/","og_site_name":"EuroFlora","article_modified_time":"2024-04-29T09:13:28+00:00","og_image":[{"width":418,"height":417,"url":"https:\/\/www.euroflora.genova.it\/wp-content\/uploads\/2024\/04\/fiori_Tavola-disegno-1-copia-2.png","type":"image\/png"}],"twitter_card":"summary_large_image","schema":{"@context":"https:\/\/schema.org","@graph":[{"@type":"WebPage","@id":"http:\/\/www.euroflora.genova.it\/en\/espositore\/piccoli-piensieri\/","url":"http:\/\/www.euroflora.genova.it\/en\/espositore\/piccoli-piensieri\/","name":"PICCOLI PIENSIERI | EuroFlora","isPartOf":{"@id":"http:\/\/www.euroflora.genova.it\/en\/#website"},"primaryImageOfPage":{"@id":"http:\/\/www.euroflora.genova.it\/en\/espositore\/piccoli-piensieri\/#primaryimage"},"image":{"@id":"http:\/\/www.euroflora.genova.it\/en\/espositore\/piccoli-piensieri\/#primaryimage"},"thumbnailUrl":"http:\/\/www.euroflora.genova.it\/wp-content\/uploads\/2024\/04\/fiori_Tavola-disegno-1-copia-2.png","datePublished":"2024-04-16T09:53:45+00:00","dateModified":"2024-04-29T09:13:28+00:00","breadcrumb":{"@id":"http:\/\/www.euroflora.genova.it\/en\/espositore\/piccoli-piensieri\/#breadcrumb"},"inLanguage":"en-US","potentialAction":[{"@type":"ReadAction","target":["http:\/\/www.euroflora.genova.it\/en\/espositore\/piccoli-piensieri\/"]}]},{"@type":"ImageObject","inLanguage":"en-US","@id":"http:\/\/www.euroflora.genova.it\/en\/espositore\/piccoli-piensieri\/#primaryimage","url":"http:\/\/www.euroflora.genova.it\/wp-content\/uploads\/2024\/04\/fiori_Tavola-disegno-1-copia-2.png","contentUrl":"http:\/\/www.euroflora.genova.it\/wp-content\/uploads\/2024\/04\/fiori_Tavola-disegno-1-copia-2.png","width":418,"height":417},{"@type":"BreadcrumbList","@id":"http:\/\/www.euroflora.genova.it\/en\/espositore\/piccoli-piensieri\/#breadcrumb","itemListElement":[{"@type":"ListItem","position":1,"name":"Home","item":"https:\/\/www.euroflora.genova.it\/en\/"},{"@type":"ListItem","position":2,"name":"PICCOLI PIENSIERI"}]},{"@type":"WebSite","@id":"http:\/\/www.euroflora.genova.it\/en\/#website","url":"http:\/\/www.euroflora.genova.it\/en\/","name":"Euroflora","description":"","publisher":{"@id":"http:\/\/www.euroflora.genova.it\/en\/#organization"},"potentialAction":[{"@type":"SearchAction","target":{"@type":"EntryPoint","urlTemplate":"http:\/\/www.euroflora.genova.it\/en\/?s={search_term_string}"},"query-input":{"@type":"PropertyValueSpecification","valueRequired":true,"valueName":"search_term_string"}}],"inLanguage":"en-US"},{"@type":"Organization","@id":"http:\/\/www.euroflora.genova.it\/en\/#organization","name":"Euroflora","url":"http:\/\/www.euroflora.genova.it\/en\/","logo":{"@type":"ImageObject","inLanguage":"en-US","@id":"http:\/\/www.euroflora.genova.it\/en\/#\/schema\/logo\/image\/","url":"http:\/\/www.euroflora.genova.it\/wp-content\/uploads\/2024\/04\/apple-touch-icon.png","contentUrl":"http:\/\/www.euroflora.genova.it\/wp-content\/uploads\/2024\/04\/apple-touch-icon.png","width":180,"height":180,"caption":"Euroflora"},"image":{"@id":"http:\/\/www.euroflora.genova.it\/en\/#\/schema\/logo\/image\/"}}]}},"_links":{"self":[{"href":"http:\/\/www.euroflora.genova.it\/en\/wp-json\/wp\/v2\/espositore\/442","targetHints":{"allow":["GET"]}}],"collection":[{"href":"http:\/\/www.euroflora.genova.it\/en\/wp-json\/wp\/v2\/espositore"}],"about":[{"href":"http:\/\/www.euroflora.genova.it\/en\/wp-json\/wp\/v2\/types\/espositore"}],"wp:featuredmedia":[{"embeddable":true,"href":"http:\/\/www.euroflora.genova.it\/en\/wp-json\/wp\/v2\/media\/275"}],"wp:attachment":[{"href":"http:\/\/www.euroflora.genova.it\/en\/wp-json\/wp\/v2\/media?parent=442"}],"wp:term":[{"taxonomy":"anno","embeddable":true,"href":"http:\/\/www.euroflora.genova.it\/en\/wp-json\/wp\/v2\/anno?post=442"},{"taxonomy":"categorie_prodottoattivita","embeddable":true,"href":"http:\/\/www.euroflora.genova.it\/en\/wp-json\/wp\/v2\/categorie_prodottoattivita?post=442"}],"curies":[{"name":"wp","href":"https:\/\/api.w.org\/{rel}","templated":true}]}}

<p class="p1"><span class="s1">VIA BUSALLETTA, 28 <span class="Apple-converted-space">                      </span></span></p>
<p class="p1"><span class="s1">16010 S. OLCESE GE </span></p>
<p class="p1"><span class="s1"><a href="tel:3474338523">3474338523</a><span class="Apple-converted-space">     </span></span></p>
<p class="p1"><span class="s1"><a href="mailto:piccolipensierieventi@gmail.com">piccolipensierieventi@gmail.com</a><span class="Apple-converted-space">                                        </span></span></p>
<p class="p1"><a href="http://www.piccolipensierieventi.com"><span class="s1">www.piccolipensierieventi.com</span></a></p>
<p class="p1"><span class="s1">Parco Gropallo &#8211; Area Wolfsoniana</span></p>
<p><!--more--></p>
<p class="p1"><span class="s1">In un museo, solitamente un quadro è l&#8217;elemento fondamentale di rappresentazione, da questo è nata l&#8217;idea di realizzare una composizione floreale<span class="Apple-converted-space">  </span>a parete.<span class="Apple-converted-space">  </span>Tale<span class="Apple-converted-space">  </span>quadro è formato da vari elementi perfetti che non hanno né un inizio né una fine, rappresentano il tempo come una successione continua di istanti identici, il<span class="Apple-converted-space">  </span>tempo ciclico, universale ed infinito. Una linea di orizzonte divide e a metà il quadro<span class="Apple-converted-space">  </span>riflettendo<span class="Apple-converted-space">  </span>come uno specchio che indica verità, eternità e realtà</span></p>
