{"id":288,"date":"2024-04-16T09:53:27","date_gmt":"2024-04-16T09:53:27","guid":{"rendered":"https:\/\/staging.euroflora.genova.it\/new\/espositore\/aidtpg-associazione-italiana-direttori-e-tecnici-pubblici-giardini\/"},"modified":"2024-04-29T11:15:30","modified_gmt":"2024-04-29T09:15:30","slug":"aidtpg-associazione-italiana-direttori-e-tecnici-pubblici-giardini","status":"publish","type":"espositore","link":"http:\/\/www.euroflora.genova.it\/en\/espositore\/aidtpg-associazione-italiana-direttori-e-tecnici-pubblici-giardini\/","title":{"rendered":"AIDTPG &#8211; ASSOCIAZIONE ITALIANA DIRETTORI E TECNICI PUBBLICI GIARDINI"},"content":{"rendered":"<p class=\"p1\"><span class=\"s1\">VIA MARABINI,5 <span class=\"Apple-converted-space\">\u00a0 \u00a0 \u00a0 \u00a0 \u00a0 \u00a0 \u00a0 \u00a0 \u00a0 \u00a0 \u00a0 \u00a0 \u00a0 <\/span><\/span><\/p>\n<p class=\"p1\"><span class=\"s1\">40135 BOLOGNA BO<\/span><\/p>\n<p class=\"p1\"><span class=\"s1\"><a href=\"tel:3358312657\">3358312657 <\/a><span class=\"Apple-converted-space\">\u00a0 \u00a0 \u00a0 \u00a0 <\/span><\/span><\/p>\n<p class=\"p1\"><a href=\"http:\/\/www.pubblicigiardini.it\"><span class=\"s1\">www.pubblicigiardini.it<\/span><\/a><\/p>\n<p class=\"p1\"><span class=\"s1\">Parco Gropallo &#8211; Area 16<\/span><\/p>\n<p><!--more--><\/p>\n<p class=\"p1\"><span class=\"s1\">L&#8217;Associazione Pubblici Giardini \u00e8 stata fondata nel 1955 per volont\u00e0 dei Direttori dei Servizi Giardini di alcune citt\u00e0,<span class=\"Apple-converted-space\">\u00a0<\/span><\/span><span class=\"s1\">tra le quali Roma, Firenze, Torino, Genova. Il 29 gennaio 1982 \u00e8 stato registrato l\u2019atto costitutivo e, negli anni successivi, hanno aderito all&#8217;Associazione direttori e tecnici di molte citt\u00e0, grandi e piccole, fino a raggiungere l\u2019attuale numero di oltre 300 soci. <span class=\"Apple-converted-space\">\u00a0<\/span><\/span><span class=\"s1\">L\u2019Associazione organizza importanti convegni a livello locale e nazionale, \u00e8 presente alle principali mostre e fiere nazionali ed internazionali, partecipa alla giuria di importanti premi di settore, promuove la cultura del giardino attraverso la presenza dei soci alle pi\u00f9 importanti manifestazioni floreali nazionali ed internazionali.<span class=\"Apple-converted-space\">\u00a0 <\/span>I Direttori e Tecnici dei Pubblici Giardini oggi, come in passato, intendono promuovere lo sviluppo del verde pubblico favorendo la collaborazione, in tutta Italia, tra i tecnici che operano in questo delicato settore.<span class=\"Apple-converted-space\">\u00a0<\/span><\/span><\/p>\n<p class=\"p1\"><span class=\"s1\">Per ulteriori informazioni<span class=\"Apple-converted-space\">\u00a0 <\/span>www.pubblicigiardini.it<\/span><\/p>\n","protected":false},"featured_media":281,"template":"","anno":[34],"categorie_prodottoattivita":[],"class_list":["post-288","espositore","type-espositore","status-publish","has-post-thumbnail","hentry","anno-34"],"acf":[],"yoast_head":"<!-- This site is optimized with the Yoast SEO plugin v27.0 - https:\/\/yoast.com\/product\/yoast-seo-wordpress\/ -->\n<title>AIDTPG - ASSOCIAZIONE ITALIANA DIRETTORI E TECNICI PUBBLICI GIARDINI | EuroFlora<\/title>\n<meta name=\"robots\" content=\"index, follow, max-snippet:-1, max-image-preview:large, max-video-preview:-1\" \/>\n<link rel=\"canonical\" href=\"http:\/\/www.euroflora.genova.it\/en\/espositore\/aidtpg-associazione-italiana-direttori-e-tecnici-pubblici-giardini\/\" \/>\n<meta property=\"og:locale\" content=\"en_US\" \/>\n<meta property=\"og:type\" content=\"article\" \/>\n<meta property=\"og:title\" content=\"AIDTPG - ASSOCIAZIONE ITALIANA DIRETTORI E TECNICI PUBBLICI GIARDINI | EuroFlora\" \/>\n<meta property=\"og:description\" content=\"VIA MARABINI,5 \u00a0 \u00a0 \u00a0 \u00a0 \u00a0 \u00a0 \u00a0 \u00a0 \u00a0 \u00a0 \u00a0 \u00a0 \u00a0 40135 BOLOGNA BO 3358312657 \u00a0 \u00a0 \u00a0 \u00a0 www.pubblicigiardini.it Parco Gropallo &#8211; Area 16\" \/>\n<meta property=\"og:url\" content=\"http:\/\/www.euroflora.genova.it\/en\/espositore\/aidtpg-associazione-italiana-direttori-e-tecnici-pubblici-giardini\/\" \/>\n<meta property=\"og:site_name\" content=\"EuroFlora\" \/>\n<meta property=\"article:modified_time\" content=\"2024-04-29T09:15:30+00:00\" \/>\n<meta property=\"og:image\" content=\"https:\/\/www.euroflora.genova.it\/wp-content\/uploads\/2024\/04\/fiori_Tavola-disegno-1-1.png\" \/>\n\t<meta property=\"og:image:width\" content=\"417\" \/>\n\t<meta property=\"og:image:height\" content=\"417\" \/>\n\t<meta property=\"og:image:type\" content=\"image\/png\" \/>\n<meta name=\"twitter:card\" content=\"summary_large_image\" \/>\n<meta name=\"twitter:label1\" content=\"Est. reading time\" \/>\n\t<meta name=\"twitter:data1\" content=\"1 minute\" \/>\n<script type=\"application\/ld+json\" class=\"yoast-schema-graph\">{\"@context\":\"https:\/\/schema.org\",\"@graph\":[{\"@type\":\"WebPage\",\"@id\":\"http:\/\/www.euroflora.genova.it\/en\/espositore\/aidtpg-associazione-italiana-direttori-e-tecnici-pubblici-giardini\/\",\"url\":\"http:\/\/www.euroflora.genova.it\/en\/espositore\/aidtpg-associazione-italiana-direttori-e-tecnici-pubblici-giardini\/\",\"name\":\"AIDTPG - ASSOCIAZIONE ITALIANA DIRETTORI E TECNICI PUBBLICI GIARDINI | EuroFlora\",\"isPartOf\":{\"@id\":\"http:\/\/www.euroflora.genova.it\/en\/#website\"},\"primaryImageOfPage\":{\"@id\":\"http:\/\/www.euroflora.genova.it\/en\/espositore\/aidtpg-associazione-italiana-direttori-e-tecnici-pubblici-giardini\/#primaryimage\"},\"image\":{\"@id\":\"http:\/\/www.euroflora.genova.it\/en\/espositore\/aidtpg-associazione-italiana-direttori-e-tecnici-pubblici-giardini\/#primaryimage\"},\"thumbnailUrl\":\"http:\/\/www.euroflora.genova.it\/wp-content\/uploads\/2024\/04\/fiori_Tavola-disegno-1-1.png\",\"datePublished\":\"2024-04-16T09:53:27+00:00\",\"dateModified\":\"2024-04-29T09:15:30+00:00\",\"breadcrumb\":{\"@id\":\"http:\/\/www.euroflora.genova.it\/en\/espositore\/aidtpg-associazione-italiana-direttori-e-tecnici-pubblici-giardini\/#breadcrumb\"},\"inLanguage\":\"en-US\",\"potentialAction\":[{\"@type\":\"ReadAction\",\"target\":[\"http:\/\/www.euroflora.genova.it\/en\/espositore\/aidtpg-associazione-italiana-direttori-e-tecnici-pubblici-giardini\/\"]}]},{\"@type\":\"ImageObject\",\"inLanguage\":\"en-US\",\"@id\":\"http:\/\/www.euroflora.genova.it\/en\/espositore\/aidtpg-associazione-italiana-direttori-e-tecnici-pubblici-giardini\/#primaryimage\",\"url\":\"http:\/\/www.euroflora.genova.it\/wp-content\/uploads\/2024\/04\/fiori_Tavola-disegno-1-1.png\",\"contentUrl\":\"http:\/\/www.euroflora.genova.it\/wp-content\/uploads\/2024\/04\/fiori_Tavola-disegno-1-1.png\",\"width\":417,\"height\":417},{\"@type\":\"BreadcrumbList\",\"@id\":\"http:\/\/www.euroflora.genova.it\/en\/espositore\/aidtpg-associazione-italiana-direttori-e-tecnici-pubblici-giardini\/#breadcrumb\",\"itemListElement\":[{\"@type\":\"ListItem\",\"position\":1,\"name\":\"Home\",\"item\":\"https:\/\/www.euroflora.genova.it\/en\/\"},{\"@type\":\"ListItem\",\"position\":2,\"name\":\"AIDTPG &#8211; ASSOCIAZIONE ITALIANA DIRETTORI E TECNICI PUBBLICI GIARDINI\"}]},{\"@type\":\"WebSite\",\"@id\":\"http:\/\/www.euroflora.genova.it\/en\/#website\",\"url\":\"http:\/\/www.euroflora.genova.it\/en\/\",\"name\":\"Euroflora\",\"description\":\"\",\"publisher\":{\"@id\":\"http:\/\/www.euroflora.genova.it\/en\/#organization\"},\"potentialAction\":[{\"@type\":\"SearchAction\",\"target\":{\"@type\":\"EntryPoint\",\"urlTemplate\":\"http:\/\/www.euroflora.genova.it\/en\/?s={search_term_string}\"},\"query-input\":{\"@type\":\"PropertyValueSpecification\",\"valueRequired\":true,\"valueName\":\"search_term_string\"}}],\"inLanguage\":\"en-US\"},{\"@type\":\"Organization\",\"@id\":\"http:\/\/www.euroflora.genova.it\/en\/#organization\",\"name\":\"Euroflora\",\"url\":\"http:\/\/www.euroflora.genova.it\/en\/\",\"logo\":{\"@type\":\"ImageObject\",\"inLanguage\":\"en-US\",\"@id\":\"http:\/\/www.euroflora.genova.it\/en\/#\/schema\/logo\/image\/\",\"url\":\"http:\/\/www.euroflora.genova.it\/wp-content\/uploads\/2024\/04\/apple-touch-icon.png\",\"contentUrl\":\"http:\/\/www.euroflora.genova.it\/wp-content\/uploads\/2024\/04\/apple-touch-icon.png\",\"width\":180,\"height\":180,\"caption\":\"Euroflora\"},\"image\":{\"@id\":\"http:\/\/www.euroflora.genova.it\/en\/#\/schema\/logo\/image\/\"}}]}<\/script>\n<!-- \/ Yoast SEO plugin. -->","yoast_head_json":{"title":"AIDTPG - ASSOCIAZIONE ITALIANA DIRETTORI E TECNICI PUBBLICI GIARDINI | EuroFlora","robots":{"index":"index","follow":"follow","max-snippet":"max-snippet:-1","max-image-preview":"max-image-preview:large","max-video-preview":"max-video-preview:-1"},"canonical":"http:\/\/www.euroflora.genova.it\/en\/espositore\/aidtpg-associazione-italiana-direttori-e-tecnici-pubblici-giardini\/","og_locale":"en_US","og_type":"article","og_title":"AIDTPG - ASSOCIAZIONE ITALIANA DIRETTORI E TECNICI PUBBLICI GIARDINI | EuroFlora","og_description":"VIA MARABINI,5 \u00a0 \u00a0 \u00a0 \u00a0 \u00a0 \u00a0 \u00a0 \u00a0 \u00a0 \u00a0 \u00a0 \u00a0 \u00a0 40135 BOLOGNA BO 3358312657 \u00a0 \u00a0 \u00a0 \u00a0 www.pubblicigiardini.it Parco Gropallo &#8211; Area 16","og_url":"http:\/\/www.euroflora.genova.it\/en\/espositore\/aidtpg-associazione-italiana-direttori-e-tecnici-pubblici-giardini\/","og_site_name":"EuroFlora","article_modified_time":"2024-04-29T09:15:30+00:00","og_image":[{"width":417,"height":417,"url":"https:\/\/www.euroflora.genova.it\/wp-content\/uploads\/2024\/04\/fiori_Tavola-disegno-1-1.png","type":"image\/png"}],"twitter_card":"summary_large_image","twitter_misc":{"Est. reading time":"1 minute"},"schema":{"@context":"https:\/\/schema.org","@graph":[{"@type":"WebPage","@id":"http:\/\/www.euroflora.genova.it\/en\/espositore\/aidtpg-associazione-italiana-direttori-e-tecnici-pubblici-giardini\/","url":"http:\/\/www.euroflora.genova.it\/en\/espositore\/aidtpg-associazione-italiana-direttori-e-tecnici-pubblici-giardini\/","name":"AIDTPG - ASSOCIAZIONE ITALIANA DIRETTORI E TECNICI PUBBLICI GIARDINI | EuroFlora","isPartOf":{"@id":"http:\/\/www.euroflora.genova.it\/en\/#website"},"primaryImageOfPage":{"@id":"http:\/\/www.euroflora.genova.it\/en\/espositore\/aidtpg-associazione-italiana-direttori-e-tecnici-pubblici-giardini\/#primaryimage"},"image":{"@id":"http:\/\/www.euroflora.genova.it\/en\/espositore\/aidtpg-associazione-italiana-direttori-e-tecnici-pubblici-giardini\/#primaryimage"},"thumbnailUrl":"http:\/\/www.euroflora.genova.it\/wp-content\/uploads\/2024\/04\/fiori_Tavola-disegno-1-1.png","datePublished":"2024-04-16T09:53:27+00:00","dateModified":"2024-04-29T09:15:30+00:00","breadcrumb":{"@id":"http:\/\/www.euroflora.genova.it\/en\/espositore\/aidtpg-associazione-italiana-direttori-e-tecnici-pubblici-giardini\/#breadcrumb"},"inLanguage":"en-US","potentialAction":[{"@type":"ReadAction","target":["http:\/\/www.euroflora.genova.it\/en\/espositore\/aidtpg-associazione-italiana-direttori-e-tecnici-pubblici-giardini\/"]}]},{"@type":"ImageObject","inLanguage":"en-US","@id":"http:\/\/www.euroflora.genova.it\/en\/espositore\/aidtpg-associazione-italiana-direttori-e-tecnici-pubblici-giardini\/#primaryimage","url":"http:\/\/www.euroflora.genova.it\/wp-content\/uploads\/2024\/04\/fiori_Tavola-disegno-1-1.png","contentUrl":"http:\/\/www.euroflora.genova.it\/wp-content\/uploads\/2024\/04\/fiori_Tavola-disegno-1-1.png","width":417,"height":417},{"@type":"BreadcrumbList","@id":"http:\/\/www.euroflora.genova.it\/en\/espositore\/aidtpg-associazione-italiana-direttori-e-tecnici-pubblici-giardini\/#breadcrumb","itemListElement":[{"@type":"ListItem","position":1,"name":"Home","item":"https:\/\/www.euroflora.genova.it\/en\/"},{"@type":"ListItem","position":2,"name":"AIDTPG &#8211; ASSOCIAZIONE ITALIANA DIRETTORI E TECNICI PUBBLICI GIARDINI"}]},{"@type":"WebSite","@id":"http:\/\/www.euroflora.genova.it\/en\/#website","url":"http:\/\/www.euroflora.genova.it\/en\/","name":"Euroflora","description":"","publisher":{"@id":"http:\/\/www.euroflora.genova.it\/en\/#organization"},"potentialAction":[{"@type":"SearchAction","target":{"@type":"EntryPoint","urlTemplate":"http:\/\/www.euroflora.genova.it\/en\/?s={search_term_string}"},"query-input":{"@type":"PropertyValueSpecification","valueRequired":true,"valueName":"search_term_string"}}],"inLanguage":"en-US"},{"@type":"Organization","@id":"http:\/\/www.euroflora.genova.it\/en\/#organization","name":"Euroflora","url":"http:\/\/www.euroflora.genova.it\/en\/","logo":{"@type":"ImageObject","inLanguage":"en-US","@id":"http:\/\/www.euroflora.genova.it\/en\/#\/schema\/logo\/image\/","url":"http:\/\/www.euroflora.genova.it\/wp-content\/uploads\/2024\/04\/apple-touch-icon.png","contentUrl":"http:\/\/www.euroflora.genova.it\/wp-content\/uploads\/2024\/04\/apple-touch-icon.png","width":180,"height":180,"caption":"Euroflora"},"image":{"@id":"http:\/\/www.euroflora.genova.it\/en\/#\/schema\/logo\/image\/"}}]}},"_links":{"self":[{"href":"http:\/\/www.euroflora.genova.it\/en\/wp-json\/wp\/v2\/espositore\/288","targetHints":{"allow":["GET"]}}],"collection":[{"href":"http:\/\/www.euroflora.genova.it\/en\/wp-json\/wp\/v2\/espositore"}],"about":[{"href":"http:\/\/www.euroflora.genova.it\/en\/wp-json\/wp\/v2\/types\/espositore"}],"wp:featuredmedia":[{"embeddable":true,"href":"http:\/\/www.euroflora.genova.it\/en\/wp-json\/wp\/v2\/media\/281"}],"wp:attachment":[{"href":"http:\/\/www.euroflora.genova.it\/en\/wp-json\/wp\/v2\/media?parent=288"}],"wp:term":[{"taxonomy":"anno","embeddable":true,"href":"http:\/\/www.euroflora.genova.it\/en\/wp-json\/wp\/v2\/anno?post=288"},{"taxonomy":"categorie_prodottoattivita","embeddable":true,"href":"http:\/\/www.euroflora.genova.it\/en\/wp-json\/wp\/v2\/categorie_prodottoattivita?post=288"}],"curies":[{"name":"wp","href":"https:\/\/api.w.org\/{rel}","templated":true}]}}

<p class="p1"><span class="s1">VIA MARABINI,5 <span class="Apple-converted-space">                          </span></span></p>
<p class="p1"><span class="s1">40135 BOLOGNA BO</span></p>
<p class="p1"><span class="s1"><a href="tel:3358312657">3358312657 </a><span class="Apple-converted-space">        </span></span></p>
<p class="p1"><a href="http://www.pubblicigiardini.it"><span class="s1">www.pubblicigiardini.it</span></a></p>
<p class="p1"><span class="s1">Parco Gropallo &#8211; Area 16</span></p>
<p><!--more--></p>
<p class="p1"><span class="s1">L&#8217;Associazione Pubblici Giardini è stata fondata nel 1955 per volontà dei Direttori dei Servizi Giardini di alcune città,<span class="Apple-converted-space"> </span></span><span class="s1">tra le quali Roma, Firenze, Torino, Genova. Il 29 gennaio 1982 è stato registrato l’atto costitutivo e, negli anni successivi, hanno aderito all&#8217;Associazione direttori e tecnici di molte città, grandi e piccole, fino a raggiungere l’attuale numero di oltre 300 soci. <span class="Apple-converted-space"> </span></span><span class="s1">L’Associazione organizza importanti convegni a livello locale e nazionale, è presente alle principali mostre e fiere nazionali ed internazionali, partecipa alla giuria di importanti premi di settore, promuove la cultura del giardino attraverso la presenza dei soci alle più importanti manifestazioni floreali nazionali ed internazionali.<span class="Apple-converted-space">  </span>I Direttori e Tecnici dei Pubblici Giardini oggi, come in passato, intendono promuovere lo sviluppo del verde pubblico favorendo la collaborazione, in tutta Italia, tra i tecnici che operano in questo delicato settore.<span class="Apple-converted-space"> </span></span></p>
<p class="p1"><span class="s1">Per ulteriori informazioni<span class="Apple-converted-space">  </span>www.pubblicigiardini.it</span></p>
