{"id":280,"date":"2024-04-16T09:52:35","date_gmt":"2024-04-16T09:52:35","guid":{"rendered":"https:\/\/staging.euroflora.genova.it\/new\/espositore\/50piu\/"},"modified":"2024-04-29T11:16:06","modified_gmt":"2024-04-29T09:16:06","slug":"50piu","status":"publish","type":"espositore","link":"http:\/\/www.euroflora.genova.it\/en\/espositore\/50piu\/","title":{"rendered":"50&#038;PI\u00d9"},"content":{"rendered":"<p>VIA DEL MELANGOLO, 26<br \/>\n00186 ROMA RM<\/p>\n<p>Tel: <a href=\"tel:0687805053\">0687805053<\/a><br \/>\n<a href=\"mailto:50epi\u00f9.ge@50epi\u00f9.it\">50epi\u00f9.ge@50epi\u00f9.it<\/a><br \/>\n<a href=\"http:\/\/www.50epiu.it\">www.50epiu.it<\/a><\/p>\n<p>Parco Gropallo &#8211; Area 26<\/p>\n<p><!--more--><\/p>\n<p>50&amp;Pi\u00f9 \u00e8 un&#8217;Associazione libera, volontaria e senza fini di lucro che rappresenta, tutela e assiste i propri soci. Offriamo idee e\u00a0opportunit\u00e0 per invecchiare bene, in salute, sfruttando al meglio il proprio potenziale, anche a livello sociale.\u00a0Condividiamo il tempo libero attraverso incontri, attivit\u00e0 culturali, eventi nazionali in un clima coinvolgente, di amicizia e collaborazione.\u00a0Poniamo al centro del nostro operato i bisogni, i desideri e le capacit\u00e0 delle persone anziane e promuoviamo occasioni di incontro tra le generazioni.\u00a0Con il progressivo aumento dell&#8217;et\u00e0 media abbiamo saputo valorizzare il patrimonio rappresentato da coloro che hanno a disposizione pi\u00f9 tempo ed esperienza. Crediamo infatti che le persone anziane possano avere un ruolo determinante nel costruire una societ\u00e0 solidale.<\/p>\n","protected":false},"featured_media":281,"template":"","anno":[34],"categorie_prodottoattivita":[],"class_list":["post-280","espositore","type-espositore","status-publish","has-post-thumbnail","hentry","anno-34"],"acf":[],"yoast_head":"<!-- This site is optimized with the Yoast SEO plugin v27.0 - https:\/\/yoast.com\/product\/yoast-seo-wordpress\/ -->\n<title>50&amp;PI\u00d9 | EuroFlora<\/title>\n<meta name=\"robots\" content=\"index, follow, max-snippet:-1, max-image-preview:large, max-video-preview:-1\" \/>\n<link rel=\"canonical\" href=\"http:\/\/www.euroflora.genova.it\/en\/espositore\/50piu\/\" \/>\n<meta property=\"og:locale\" content=\"en_US\" \/>\n<meta property=\"og:type\" content=\"article\" \/>\n<meta property=\"og:title\" content=\"50&amp;PI\u00d9 | EuroFlora\" \/>\n<meta property=\"og:description\" content=\"VIA DEL MELANGOLO, 26 00186 ROMA RM Tel: 0687805053 50epi\u00f9.ge@50epi\u00f9.it www.50epiu.it Parco Gropallo &#8211; Area 26\" \/>\n<meta property=\"og:url\" content=\"http:\/\/www.euroflora.genova.it\/en\/espositore\/50piu\/\" \/>\n<meta property=\"og:site_name\" content=\"EuroFlora\" \/>\n<meta property=\"article:modified_time\" content=\"2024-04-29T09:16:06+00:00\" \/>\n<meta property=\"og:image\" content=\"https:\/\/www.euroflora.genova.it\/wp-content\/uploads\/2024\/04\/fiori_Tavola-disegno-1-1.png\" \/>\n\t<meta property=\"og:image:width\" content=\"417\" \/>\n\t<meta property=\"og:image:height\" content=\"417\" \/>\n\t<meta property=\"og:image:type\" content=\"image\/png\" \/>\n<meta name=\"twitter:card\" content=\"summary_large_image\" \/>\n<meta name=\"twitter:label1\" content=\"Est. reading time\" \/>\n\t<meta name=\"twitter:data1\" content=\"1 minute\" \/>\n<script type=\"application\/ld+json\" class=\"yoast-schema-graph\">{\"@context\":\"https:\/\/schema.org\",\"@graph\":[{\"@type\":\"WebPage\",\"@id\":\"http:\/\/www.euroflora.genova.it\/en\/espositore\/50piu\/\",\"url\":\"http:\/\/www.euroflora.genova.it\/en\/espositore\/50piu\/\",\"name\":\"50&PI\u00d9 | EuroFlora\",\"isPartOf\":{\"@id\":\"http:\/\/www.euroflora.genova.it\/en\/#website\"},\"primaryImageOfPage\":{\"@id\":\"http:\/\/www.euroflora.genova.it\/en\/espositore\/50piu\/#primaryimage\"},\"image\":{\"@id\":\"http:\/\/www.euroflora.genova.it\/en\/espositore\/50piu\/#primaryimage\"},\"thumbnailUrl\":\"http:\/\/www.euroflora.genova.it\/wp-content\/uploads\/2024\/04\/fiori_Tavola-disegno-1-1.png\",\"datePublished\":\"2024-04-16T09:52:35+00:00\",\"dateModified\":\"2024-04-29T09:16:06+00:00\",\"breadcrumb\":{\"@id\":\"http:\/\/www.euroflora.genova.it\/en\/espositore\/50piu\/#breadcrumb\"},\"inLanguage\":\"en-US\",\"potentialAction\":[{\"@type\":\"ReadAction\",\"target\":[\"http:\/\/www.euroflora.genova.it\/en\/espositore\/50piu\/\"]}]},{\"@type\":\"ImageObject\",\"inLanguage\":\"en-US\",\"@id\":\"http:\/\/www.euroflora.genova.it\/en\/espositore\/50piu\/#primaryimage\",\"url\":\"http:\/\/www.euroflora.genova.it\/wp-content\/uploads\/2024\/04\/fiori_Tavola-disegno-1-1.png\",\"contentUrl\":\"http:\/\/www.euroflora.genova.it\/wp-content\/uploads\/2024\/04\/fiori_Tavola-disegno-1-1.png\",\"width\":417,\"height\":417},{\"@type\":\"BreadcrumbList\",\"@id\":\"http:\/\/www.euroflora.genova.it\/en\/espositore\/50piu\/#breadcrumb\",\"itemListElement\":[{\"@type\":\"ListItem\",\"position\":1,\"name\":\"Home\",\"item\":\"https:\/\/www.euroflora.genova.it\/en\/\"},{\"@type\":\"ListItem\",\"position\":2,\"name\":\"50&#038;PI\u00d9\"}]},{\"@type\":\"WebSite\",\"@id\":\"http:\/\/www.euroflora.genova.it\/en\/#website\",\"url\":\"http:\/\/www.euroflora.genova.it\/en\/\",\"name\":\"Euroflora\",\"description\":\"\",\"publisher\":{\"@id\":\"http:\/\/www.euroflora.genova.it\/en\/#organization\"},\"potentialAction\":[{\"@type\":\"SearchAction\",\"target\":{\"@type\":\"EntryPoint\",\"urlTemplate\":\"http:\/\/www.euroflora.genova.it\/en\/?s={search_term_string}\"},\"query-input\":{\"@type\":\"PropertyValueSpecification\",\"valueRequired\":true,\"valueName\":\"search_term_string\"}}],\"inLanguage\":\"en-US\"},{\"@type\":\"Organization\",\"@id\":\"http:\/\/www.euroflora.genova.it\/en\/#organization\",\"name\":\"Euroflora\",\"url\":\"http:\/\/www.euroflora.genova.it\/en\/\",\"logo\":{\"@type\":\"ImageObject\",\"inLanguage\":\"en-US\",\"@id\":\"http:\/\/www.euroflora.genova.it\/en\/#\/schema\/logo\/image\/\",\"url\":\"http:\/\/www.euroflora.genova.it\/wp-content\/uploads\/2024\/04\/apple-touch-icon.png\",\"contentUrl\":\"http:\/\/www.euroflora.genova.it\/wp-content\/uploads\/2024\/04\/apple-touch-icon.png\",\"width\":180,\"height\":180,\"caption\":\"Euroflora\"},\"image\":{\"@id\":\"http:\/\/www.euroflora.genova.it\/en\/#\/schema\/logo\/image\/\"}}]}<\/script>\n<!-- \/ Yoast SEO plugin. -->","yoast_head_json":{"title":"50&PI\u00d9 | EuroFlora","robots":{"index":"index","follow":"follow","max-snippet":"max-snippet:-1","max-image-preview":"max-image-preview:large","max-video-preview":"max-video-preview:-1"},"canonical":"http:\/\/www.euroflora.genova.it\/en\/espositore\/50piu\/","og_locale":"en_US","og_type":"article","og_title":"50&PI\u00d9 | EuroFlora","og_description":"VIA DEL MELANGOLO, 26 00186 ROMA RM Tel: 0687805053 50epi\u00f9.ge@50epi\u00f9.it www.50epiu.it Parco Gropallo &#8211; Area 26","og_url":"http:\/\/www.euroflora.genova.it\/en\/espositore\/50piu\/","og_site_name":"EuroFlora","article_modified_time":"2024-04-29T09:16:06+00:00","og_image":[{"width":417,"height":417,"url":"https:\/\/www.euroflora.genova.it\/wp-content\/uploads\/2024\/04\/fiori_Tavola-disegno-1-1.png","type":"image\/png"}],"twitter_card":"summary_large_image","twitter_misc":{"Est. reading time":"1 minute"},"schema":{"@context":"https:\/\/schema.org","@graph":[{"@type":"WebPage","@id":"http:\/\/www.euroflora.genova.it\/en\/espositore\/50piu\/","url":"http:\/\/www.euroflora.genova.it\/en\/espositore\/50piu\/","name":"50&PI\u00d9 | EuroFlora","isPartOf":{"@id":"http:\/\/www.euroflora.genova.it\/en\/#website"},"primaryImageOfPage":{"@id":"http:\/\/www.euroflora.genova.it\/en\/espositore\/50piu\/#primaryimage"},"image":{"@id":"http:\/\/www.euroflora.genova.it\/en\/espositore\/50piu\/#primaryimage"},"thumbnailUrl":"http:\/\/www.euroflora.genova.it\/wp-content\/uploads\/2024\/04\/fiori_Tavola-disegno-1-1.png","datePublished":"2024-04-16T09:52:35+00:00","dateModified":"2024-04-29T09:16:06+00:00","breadcrumb":{"@id":"http:\/\/www.euroflora.genova.it\/en\/espositore\/50piu\/#breadcrumb"},"inLanguage":"en-US","potentialAction":[{"@type":"ReadAction","target":["http:\/\/www.euroflora.genova.it\/en\/espositore\/50piu\/"]}]},{"@type":"ImageObject","inLanguage":"en-US","@id":"http:\/\/www.euroflora.genova.it\/en\/espositore\/50piu\/#primaryimage","url":"http:\/\/www.euroflora.genova.it\/wp-content\/uploads\/2024\/04\/fiori_Tavola-disegno-1-1.png","contentUrl":"http:\/\/www.euroflora.genova.it\/wp-content\/uploads\/2024\/04\/fiori_Tavola-disegno-1-1.png","width":417,"height":417},{"@type":"BreadcrumbList","@id":"http:\/\/www.euroflora.genova.it\/en\/espositore\/50piu\/#breadcrumb","itemListElement":[{"@type":"ListItem","position":1,"name":"Home","item":"https:\/\/www.euroflora.genova.it\/en\/"},{"@type":"ListItem","position":2,"name":"50&#038;PI\u00d9"}]},{"@type":"WebSite","@id":"http:\/\/www.euroflora.genova.it\/en\/#website","url":"http:\/\/www.euroflora.genova.it\/en\/","name":"Euroflora","description":"","publisher":{"@id":"http:\/\/www.euroflora.genova.it\/en\/#organization"},"potentialAction":[{"@type":"SearchAction","target":{"@type":"EntryPoint","urlTemplate":"http:\/\/www.euroflora.genova.it\/en\/?s={search_term_string}"},"query-input":{"@type":"PropertyValueSpecification","valueRequired":true,"valueName":"search_term_string"}}],"inLanguage":"en-US"},{"@type":"Organization","@id":"http:\/\/www.euroflora.genova.it\/en\/#organization","name":"Euroflora","url":"http:\/\/www.euroflora.genova.it\/en\/","logo":{"@type":"ImageObject","inLanguage":"en-US","@id":"http:\/\/www.euroflora.genova.it\/en\/#\/schema\/logo\/image\/","url":"http:\/\/www.euroflora.genova.it\/wp-content\/uploads\/2024\/04\/apple-touch-icon.png","contentUrl":"http:\/\/www.euroflora.genova.it\/wp-content\/uploads\/2024\/04\/apple-touch-icon.png","width":180,"height":180,"caption":"Euroflora"},"image":{"@id":"http:\/\/www.euroflora.genova.it\/en\/#\/schema\/logo\/image\/"}}]}},"_links":{"self":[{"href":"http:\/\/www.euroflora.genova.it\/en\/wp-json\/wp\/v2\/espositore\/280","targetHints":{"allow":["GET"]}}],"collection":[{"href":"http:\/\/www.euroflora.genova.it\/en\/wp-json\/wp\/v2\/espositore"}],"about":[{"href":"http:\/\/www.euroflora.genova.it\/en\/wp-json\/wp\/v2\/types\/espositore"}],"wp:featuredmedia":[{"embeddable":true,"href":"http:\/\/www.euroflora.genova.it\/en\/wp-json\/wp\/v2\/media\/281"}],"wp:attachment":[{"href":"http:\/\/www.euroflora.genova.it\/en\/wp-json\/wp\/v2\/media?parent=280"}],"wp:term":[{"taxonomy":"anno","embeddable":true,"href":"http:\/\/www.euroflora.genova.it\/en\/wp-json\/wp\/v2\/anno?post=280"},{"taxonomy":"categorie_prodottoattivita","embeddable":true,"href":"http:\/\/www.euroflora.genova.it\/en\/wp-json\/wp\/v2\/categorie_prodottoattivita?post=280"}],"curies":[{"name":"wp","href":"https:\/\/api.w.org\/{rel}","templated":true}]}}

50&#038;PIÙ

<p>VIA DEL MELANGOLO, 26<br />
00186 ROMA RM</p>
<p>Tel: <a href="tel:0687805053">0687805053</a><br />
<a href="mailto:50epiù.ge@50epiù.it">50epiù.ge@50epiù.it</a><br />
<a href="http://www.50epiu.it">www.50epiu.it</a></p>
<p>Parco Gropallo &#8211; Area 26</p>
<p><!--more--></p>
<p>50&amp;Più è un&#8217;Associazione libera, volontaria e senza fini di lucro che rappresenta, tutela e assiste i propri soci. Offriamo idee e opportunità per invecchiare bene, in salute, sfruttando al meglio il proprio potenziale, anche a livello sociale. Condividiamo il tempo libero attraverso incontri, attività culturali, eventi nazionali in un clima coinvolgente, di amicizia e collaborazione. Poniamo al centro del nostro operato i bisogni, i desideri e le capacità delle persone anziane e promuoviamo occasioni di incontro tra le generazioni. Con il progressivo aumento dell&#8217;età media abbiamo saputo valorizzare il patrimonio rappresentato da coloro che hanno a disposizione più tempo ed esperienza. Crediamo infatti che le persone anziane possano avere un ruolo determinante nel costruire una società solidale.</p>

<!-- This site is optimized with the Yoast SEO plugin v27.0 - https://yoast.com/product/yoast-seo-wordpress/ -->
<title>50&amp;PIÙ | EuroFlora</title>
<meta name="robots" content="index, follow, max-snippet:-1, max-image-preview:large, max-video-preview:-1" />
<link rel="canonical" href="http://www.euroflora.genova.it/en/espositore/50piu/" />
<meta property="og:locale" content="en_US" />
<meta property="og:type" content="article" />
<meta property="og:title" content="50&amp;PIÙ | EuroFlora" />
<meta property="og:description" content="VIA DEL MELANGOLO, 26 00186 ROMA RM Tel: 0687805053 50epiù.ge@50epiù.it www.50epiu.it Parco Gropallo &#8211; Area 26" />
<meta property="og:url" content="http://www.euroflora.genova.it/en/espositore/50piu/" />
<meta property="og:site_name" content="EuroFlora" />
<meta property="article:modified_time" content="2024-04-29T09:16:06+00:00" />
<meta property="og:image" content="https://www.euroflora.genova.it/wp-content/uploads/2024/04/fiori_Tavola-disegno-1-1.png" />
	<meta property="og:image:width" content="417" />
	<meta property="og:image:height" content="417" />
	<meta property="og:image:type" content="image/png" />
<meta name="twitter:card" content="summary_large_image" />
<meta name="twitter:label1" content="Est. reading time" />
	<meta name="twitter:data1" content="1 minute" />
<script type="application/ld+json" class="yoast-schema-graph">{"@context":"https://schema.org","@graph":[{"@type":"WebPage","@id":"http://www.euroflora.genova.it/en/espositore/50piu/","url":"http://www.euroflora.genova.it/en/espositore/50piu/","name":"50&PIÙ | EuroFlora","isPartOf":{"@id":"http://www.euroflora.genova.it/en/#website"},"primaryImageOfPage":{"@id":"http://www.euroflora.genova.it/en/espositore/50piu/#primaryimage"},"image":{"@id":"http://www.euroflora.genova.it/en/espositore/50piu/#primaryimage"},"thumbnailUrl":"http://www.euroflora.genova.it/wp-content/uploads/2024/04/fiori_Tavola-disegno-1-1.png","datePublished":"2024-04-16T09:52:35+00:00","dateModified":"2024-04-29T09:16:06+00:00","breadcrumb":{"@id":"http://www.euroflora.genova.it/en/espositore/50piu/#breadcrumb"},"inLanguage":"en-US","potentialAction":[{"@type":"ReadAction","target":["http://www.euroflora.genova.it/en/espositore/50piu/"]}]},{"@type":"ImageObject","inLanguage":"en-US","@id":"http://www.euroflora.genova.it/en/espositore/50piu/#primaryimage","url":"http://www.euroflora.genova.it/wp-content/uploads/2024/04/fiori_Tavola-disegno-1-1.png","contentUrl":"http://www.euroflora.genova.it/wp-content/uploads/2024/04/fiori_Tavola-disegno-1-1.png","width":417,"height":417},{"@type":"BreadcrumbList","@id":"http://www.euroflora.genova.it/en/espositore/50piu/#breadcrumb","itemListElement":[{"@type":"ListItem","position":1,"name":"Home","item":"https://www.euroflora.genova.it/en/"},{"@type":"ListItem","position":2,"name":"50&#038;PIÙ"}]},{"@type":"WebSite","@id":"http://www.euroflora.genova.it/en/#website","url":"http://www.euroflora.genova.it/en/","name":"Euroflora","description":"","publisher":{"@id":"http://www.euroflora.genova.it/en/#organization"},"potentialAction":[{"@type":"SearchAction","target":{"@type":"EntryPoint","urlTemplate":"http://www.euroflora.genova.it/en/?s={search_term_string}"},"query-input":{"@type":"PropertyValueSpecification","valueRequired":true,"valueName":"search_term_string"}}],"inLanguage":"en-US"},{"@type":"Organization","@id":"http://www.euroflora.genova.it/en/#organization","name":"Euroflora","url":"http://www.euroflora.genova.it/en/","logo":{"@type":"ImageObject","inLanguage":"en-US","@id":"http://www.euroflora.genova.it/en/#/schema/logo/image/","url":"http://www.euroflora.genova.it/wp-content/uploads/2024/04/apple-touch-icon.png","contentUrl":"http://www.euroflora.genova.it/wp-content/uploads/2024/04/apple-touch-icon.png","width":180,"height":180,"caption":"Euroflora"},"image":{"@id":"http://www.euroflora.genova.it/en/#/schema/logo/image/"}}]}</script>
<!-- / Yoast SEO plugin. -->

50&PIÙ | EuroFlora

VIA DEL MELANGOLO, 26 00186 ROMA RM Tel: 0687805053 50epiù.ge@50epiù.it www.50epiu.it Parco Gropallo &#8211; Area 26
